hat are the prime factors of 60313005?
3, 5, 148921
List the prime factors of 428353803.
3, 19, 347, 7219
List the prime factors of 271543932.
2, 3, 11, 685717
What are the prime factors of 100280682?
2, 3, 5571149
What are the prime factors of 1794490?
2, 5, 139, 1291
List the prime factors of 65682703.
65682703
What are the prime factors of 715243885?
5, 19, 47, 8431
What are the prime factors of 311506849?
109, 2857861
List the prime factors of 324131074.
2, 2239, 72383
What are the prime factors of 3855953124?
2, 3, 17, 89, 70793
List the prime factors of 56260829.
23, 211, 11593
List the prime factors of 56649399.
3, 79, 239027
What are the prime factors of 2280041154?
2, 3, 19, 263, 25349
List the prime factors of 247531393.
73, 479, 7079
What are the prime factors of 171941154?
2, 3, 7, 11, 372167
What are the prime factors of 18761840?
2, 5, 29, 8087
What are the prime factors of 83813104?
2, 19, 23, 11987
List the prime factors of 1245633981.
3, 415211327
List the prime factors of 35578676.
2, 7, 1270667
List the prime factors of 45503845.
5, 347, 26227
What are the prime factors of 837526640?
2, 5, 10469083
List the prime factors of 5081876847.
3, 188217661
List the prime factors of 57870431.
17, 3404143
List the prime factors of 624427167.
3, 7, 13, 2287279
What are the prime factors of 830844756?
2, 3, 7, 47, 67, 349
List the prime factors of 45072397.
45072397
What are the prime factors of 19371779?
7, 2767397
List the prime factors of 82721120.
2, 5, 83, 6229
List the prime factors of 130619002.
2, 2767, 23603
What are the prime factors of 312912039?
3, 11, 101, 223, 421
List the prime factors of 7795064786.
2, 3897532393
List the prime factors of 165222203.
165222203
What are the prime factors of 1073525753?
31, 34629863
List the prime factors of 38144761.
19, 2007619
List the prime factors of 45739503.
3, 17, 89, 3359
List the prime factors of 2452289541.
3, 13, 181, 26723
What are the prime factors of 204528373?
7, 229, 127591
What are the prime factors of 569369325?
3, 5, 7, 29, 37397
List the prime factors of 380734833.
3, 126911611
What are the prime factors of 5437940?
2, 5, 271897
List the prime factors of 225000632.
2, 28125079
What are the prime factors of 1978117609?
13, 152162893
List the prime factors of 3504293319.
3, 1168097773
What are the prime factors of 1064049177?
3, 31, 67, 170767
List the prime factors of 1651072144.
2, 103192009
List the prime factors of 557200768.
2, 4353131
What are the prime factors of 130283822?
2, 23, 2832257
List the prime factors of 136393271.
7, 19484753
What are the prime factors of 3421759?
11, 28279
List the prime factors of 109555280.
2, 5, 41, 127, 263
What are the prime factors of 3346977?
3, 17, 29, 31, 73
What are the prime factors of 578677370?
2, 5, 79, 331, 2213
What are the prime factors of 14820267?
3, 7, 11, 64157
What are the prime factors of 53052031?
113, 469487
What are the prime factors of 999210476?
2, 11, 31, 89, 8231
List the prime factors of 206045446.
2, 131, 786433
List the prime factors of 100207984.
2, 97, 64567
What are the prime factors of 1598945444?
2, 399736361
What are the prime factors of 433807977?
3, 8861, 16319
What are the prime factors of 105230586?
2, 3, 17538431
What are the prime factors of 77987592?
2, 3, 53, 107, 191
What are the prime factors of 435458881?
11, 13, 59, 51613
List the prime factors of 357801187.
983, 363989
What are the prime factors of 52353808?
2, 13, 251701
What are the prime factors of 2508801907?
83, 30226529
What are the prime factors of 316000242?
2, 3, 17555569
List the prime factors of 124342146.
2, 3, 59, 191, 613
List the prime factors of 4961379203.
11, 149, 3027077
List the prime factors of 438038408.
2, 54754801
What are the prime factors of 3479639711?
2917, 1192883
What are the prime factors of 2746177537?
419, 6554123
What are the prime factors of 25174904?
2, 3146863
What are the prime factors of 29157548?
2, 7, 148763
List the prime factors of 1049597604.
2, 3, 11, 103, 25733
List the prime factors of 512936430.
2, 3, 5, 151, 199, 569
What are the prime factors of 74673571?
7, 17, 23, 27283
What are the prime factors of 27392791?
29, 944579
What are the prime factors of 39251684?
2, 2713, 3617
List the prime factors of 499422745.
5, 99884549
What are the prime factors of 125986642?
2, 62993321
What are the prime factors of 14527866?
2, 3, 2421311
List the prime factors of 2842870029.
3, 29, 32676667
List the prime factors of 231045545.
5, 46209109
List the prime factors of 7229760569.
3673, 1968353
What are the prime factors of 40688884?
2, 10172221
List the prime factors of 104289744.
2, 3, 13, 97, 1723
List the prime factors of 906725130.
2, 3, 5, 30224171
What are the prime factors of 2347033667?
11, 213366697
What are the prime factors of 148838762?
2, 4091, 18191
List the prime factors of 2801716972.
2, 19, 101, 364997
What are the prime factors of 65080100?
2, 5, 317, 2053
List the prime factors of 72962658.
2, 3, 43, 107, 881
What are the prime factors of 84021439?
19, 29, 31, 4919
What are the prime factors of 115265364?
2, 3, 9605447
What are the prime factors of 1527527009?
1527527009
What are the prime factors of 1136265984?
2, 3, 7, 47, 1499
List the prime factors of 378467465.
5, 3373, 22441
List the prime factors of 1405914281.
1405914281
What are the prime factors of 576399436?
2, 2459, 58601
What are the prime factors of 1936288804?
2, 484072201
What are the prime factors of 99562606?
2, 11, 13, 337, 1033
List the prime factors of 3681576.
2, 3, 51133
What are the prime factors of 60227295?
3, 5, 409, 9817
List the prime factors of 59572910.
2, 5, 5957291
List the prime factors of 136854526.
2, 113, 605551
List the prime factors of 48416897.
139, 348323
List the prime factors of 1292089320.
2, 3, 5, 307, 433
What are the prime factors of 258808541?
258808541
List the prime factors of 1546517472.
2, 3, 17, 947621
What are the prime factors of 382226557?
1607, 237851
What are the prime factors of 689704432?
2, 67, 89, 7229
List the prime factors of 12154802.
2, 11, 552491
What are the prime factors of 5139713965?
5, 17167, 59879
List the prime factors of 323487821.
31, 10435091
List the prime factors of 44100628.
2, 11, 13, 43, 163
What are the prime factors of 717122213?
9791, 73243
What are the prime factors of 2401061727?
3, 1171, 683479
List the prime factors of 89052065.
5, 89, 200117
List the prime factors of 28913136.
2, 3, 7, 19, 647
List the prime factors of 5864633036.
2, 1153, 1271603
What are the prime factors of 2134157748?
2, 3, 19, 41, 228301
List the prime factors of 806570593.
17, 47445329
List the prime factors of 333209683.
333209683
List the prime factors of 1821534323.
7, 71, 787, 4657
List the prime factors of 15889536.
2, 3, 13, 1061
What are the prime factors of 695834128?
2, 11, 67, 59009
What are the prime factors of 1247394066?
2, 3, 103, 2018437
List the prime factors of 7850216.
2, 11, 37, 2411
What are the prime factors of 77248844?
2, 19312211
What are the prime factors of 877023359?
877023359
List the prime factors of 212177368.
2, 13, 2040167
What are the prime factors of 1541702696?
2, 23, 67, 79, 1583
List the prime factors of 2854843495.
5, 7, 81566957
What are the prime factors of 26717179?
26717179
What are the prime factors of 79593436?
2, 13, 1013, 1511
What are the prime factors of 87504627?
3, 7, 17, 23, 10657
What are the prime factors of 282848304?
2, 3, 127, 46399
List the prime factors of 4354835059.
89, 2551, 19181
List the prime factors of 26922795.
3, 5, 617, 2909
List the prime factors of 72726346.
2, 7, 11, 472249
What are the prime factors of 6348339187?
6348339187
What are the prime factors of 2810291224?
2, 13, 317, 85243
List the prime factors of 557486797.
7, 17, 4684763
What are the prime factors of 2277298434?
2, 3, 379549739
List the prime factors of 295156650.
2, 3, 5, 1967711
List the prime factors of 331340313.
3, 223, 495277
List the prime factors of 67100398.
2, 2153, 15583
List the prime factors of 858157922.
2, 23, 139, 134213
What are the prime factors of 2630106447?
3, 876702149
List the prime factors of 64975038.
2, 3, 10829173
What are the prime factors of 64310551?
37, 347, 5009
What are the prime factors of 5787118?